{"id":7,"date":"2024-11-21T14:55:42","date_gmt":"2024-11-21T14:55:42","guid":{"rendered":"https:\/\/www.augenpraxis-eigster.de\/?page_id=7"},"modified":"2024-11-21T14:55:42","modified_gmt":"2024-11-21T14:55:42","slug":"ueber-uns","status":"publish","type":"page","link":"https:\/\/www.augenpraxis-eigster.de\/","title":{"rendered":"\u00dcber uns"},"content":{"rendered":"\n<p><strong>Wir freuen uns darauf, Sie als Patient in unserer Praxis begr\u00fc\u00dfen zu d\u00fcrfen.<\/strong><\/p>\n\n\n\n<p><strong>Unsere<\/strong> <strong>Leistungen umfassen:<\/strong><\/p>\n\n\n\n<p>-Diagnostik, Versorgung und Behandlung.<\/p>\n\n\n\n<p>-Augen\u00e4rztliche Gutachten<\/p>\n\n\n\n<p>-Vorsorgeuntersuchung auf Gr\u00fcnen Star ( Glaukom)<\/p>\n\n\n\n<p>\u2013 Spezielle Makuladiagnostik ( OCT ) mit dem Spectralis OCT.<\/p>\n\n\n\n<p>\u2013 Laseroperationen ( Nachstar )<\/p>\n\n\n\n<p>\u2013 Brillenkontrolle<\/p>\n\n\n\n<p>\u2013 Untersuchung des Nacht \/ D\u00e4mmerungssehen<\/p>\n\n\n\n<p>In einem pers\u00f6nlichen Gespr\u00e4ch beraten wir Sie gerne zu dem f\u00fcr Sie geeigneten Behandlungskonzept.<\/p>\n","protected":false},"excerpt":{"rendered":"<p>Wir freuen uns darauf, Sie als Patient in unserer Praxis begr\u00fc\u00dfen zu d\u00fcrfen. Unsere Leistungen umfassen: -Diagnostik, Versorgung und Behandlung. -Augen\u00e4rztliche Gutachten -Vorsorgeuntersuchung auf Gr\u00fcnen Star ( Glaukom) \u2013 Spezielle &#8230;<\/p>\n","protected":false},"author":1,"featured_media":0,"parent":0,"menu_order":0,"comment_status":"closed","ping_status":"closed","template":"","meta":{"footnotes":""},"class_list":["post-7","page","type-page","status-publish","hentry"],"_links":{"self":[{"href":"https:\/\/www.augenpraxis-eigster.de\/index.php\/wp-json\/wp\/v2\/pages\/7","targetHints":{"allow":["GET"]}}],"collection":[{"href":"https:\/\/www.augenpraxis-eigster.de\/index.php\/wp-json\/wp\/v2\/pages"}],"about":[{"href":"https:\/\/www.augenpraxis-eigster.de\/index.php\/wp-json\/wp\/v2\/types\/page"}],"author":[{"embeddable":true,"href":"https:\/\/www.augenpraxis-eigster.de\/index.php\/wp-json\/wp\/v2\/users\/1"}],"replies":[{"embeddable":true,"href":"https:\/\/www.augenpraxis-eigster.de\/index.php\/wp-json\/wp\/v2\/comments?post=7"}],"version-history":[{"count":2,"href":"https:\/\/www.augenpraxis-eigster.de\/index.php\/wp-json\/wp\/v2\/pages\/7\/revisions"}],"predecessor-version":[{"id":69,"href":"https:\/\/www.augenpraxis-eigster.de\/index.php\/wp-json\/wp\/v2\/pages\/7\/revisions\/69"}],"wp:attachment":[{"href":"https:\/\/www.augenpraxis-eigster.de\/index.php\/wp-json\/wp\/v2\/media?parent=7"}],"curies":[{"name":"wp","href":"https:\/\/api.w.org\/{rel}","templated":true}]}}