{"id":13,"date":"2024-11-21T15:00:23","date_gmt":"2024-11-21T15:00:23","guid":{"rendered":"https:\/\/www.augenpraxis-eigster.de\/?page_id=13"},"modified":"2024-11-21T15:51:07","modified_gmt":"2024-11-21T15:51:07","slug":"impressum-kontakt","status":"publish","type":"page","link":"https:\/\/www.augenpraxis-eigster.de\/index.php\/impressum-kontakt\/","title":{"rendered":"Impressum"},"content":{"rendered":"\n<p>Fach\u00e4rztin f\u00fcr Augenheilkunde<\/p>\n\n\n\n<p>Angelika Eigster<\/p>\n\n\n\n<p>Am Rathausplatz 2<\/p>\n\n\n\n<p>76744 W\u00f6rth am Rhein<\/p>\n\n\n\n<p>Telefon: 07271-6766<\/p>\n\n\n\n<p>Telefax: 07271-127607<\/p>\n\n\n\n<p><a href=\"http:\/\/www.augenpraxis-eigster.de\/\">www.augenpraxis-eigster.de<\/a><\/p>\n\n\n\n<p>E-Mail: <a href=\"https:\/\/www.augenpraxis-eigster.de\/impressum-kontakt\/mailto:info@augenpraxis-eigster.de\">info@augenpraxis-eigster.de<\/a><\/p>\n\n\n\n<p><strong>Inhaltlich verantwortlich f\u00fcr den Inhalt nach \u00a755 Abs. 2 RStV:<\/strong><\/p>\n\n\n\n<p>Angelika Eigster Am Rathausplatz 2 76744 W\u00f6rth am Rhein<\/p>\n\n\n\n<p><strong>Gesetzliche Berufszeichnung:<\/strong><\/p>\n\n\n\n<p>Facharzt f\u00fcr Augenheilkunde<\/p>\n\n\n\n<p><strong>Staat. der die Berufsbezeichnung:<\/strong><\/p>\n\n\n\n<p>Bundesrepublik Deutschland<\/p>\n\n\n\n<p><strong>Aufsichtsbeh\u00f6rde<\/strong><\/p>\n\n\n\n<p><strong>Zust\u00e4ndige Kammer:<\/strong><\/p>\n\n\n\n<p>Landes\u00e4rztekammer Rheinland-Pfalz <a href=\"http:\/\/www.laek-rlp.de\/\">www.laek-rlp.de<\/a><\/p>\n\n\n\n<p>Anschrift: Deutschhausplatz 3 55116 Mainz Tel.: 06131-28822-0 E-Mail: <a href=\"https:\/\/www.augenpraxis-eigster.de\/impressum-kontakt\/mailto:kammer@laek-rlp.de\">kammer@laek-rlp.de<\/a><\/p>\n\n\n\n<p><strong>Berufsrechtliche Regelungen:<\/strong><\/p>\n\n\n\n<p>Berufsordnung der Landes\u00e4rztekammer RLP <a href=\"http:\/\/www.laek-rlp.de\/recht\/berufsordnung\/index.php\">www.laek-rlp.de\/recht\/berufsordnung\/index.php<\/a><\/p>\n\n\n\n<p><strong>Zust\u00e4ndige Aufsichtsbeh\u00f6rde:<\/strong><\/p>\n\n\n\n<p>Landes\u00e4rztekammer Rheinland-Pfalz Deutschhausplatz 3 55116 Mainz <a href=\"http:\/\/www.laek-rlp.de\/\">www.laek-rlp.de<\/a><\/p>\n\n\n\n<p><strong>Kassen\u00e4rztliche Vereinigung:<\/strong><\/p>\n\n\n\n<p>Kassen\u00e4rztliche Vereinigung Rheinland-Pfalz, Issac-Fulda-Allee 14 55124 Mainz Regionalzentrum Pfalz Maximilianstra\u00dfe 22 67433 Neustadt <a href=\"http:\/\/www.kv-rlp.de\/\">www.kv-rlp.de<\/a><\/p>\n\n\n\n<p><strong>Bildernachweis:<\/strong><\/p>\n\n\n\n<p>fotolia.com<\/p>\n\n\n\n<p>Angelika Eigster<\/p>\n\n\n\n<p>Roman Glinnik<\/p>\n","protected":false},"excerpt":{"rendered":"<p>Fach\u00e4rztin f\u00fcr Augenheilkunde Angelika Eigster Am Rathausplatz 2 76744 W\u00f6rth am Rhein Telefon: 07271-6766 Telefax: 07271-127607 www.augenpraxis-eigster.de E-Mail: info@augenpraxis-eigster.de Inhaltlich verantwortlich f\u00fcr den Inhalt nach \u00a755 Abs. 2 RStV: Angelika &#8230;<\/p>\n","protected":false},"author":1,"featured_media":0,"parent":0,"menu_order":0,"comment_status":"closed","ping_status":"closed","template":"","meta":{"footnotes":""},"class_list":["post-13","page","type-page","status-publish","hentry"],"_links":{"self":[{"href":"https:\/\/www.augenpraxis-eigster.de\/index.php\/wp-json\/wp\/v2\/pages\/13","targetHints":{"allow":["GET"]}}],"collection":[{"href":"https:\/\/www.augenpraxis-eigster.de\/index.php\/wp-json\/wp\/v2\/pages"}],"about":[{"href":"https:\/\/www.augenpraxis-eigster.de\/index.php\/wp-json\/wp\/v2\/types\/page"}],"author":[{"embeddable":true,"href":"https:\/\/www.augenpraxis-eigster.de\/index.php\/wp-json\/wp\/v2\/users\/1"}],"replies":[{"embeddable":true,"href":"https:\/\/www.augenpraxis-eigster.de\/index.php\/wp-json\/wp\/v2\/comments?post=13"}],"version-history":[{"count":2,"href":"https:\/\/www.augenpraxis-eigster.de\/index.php\/wp-json\/wp\/v2\/pages\/13\/revisions"}],"predecessor-version":[{"id":43,"href":"https:\/\/www.augenpraxis-eigster.de\/index.php\/wp-json\/wp\/v2\/pages\/13\/revisions\/43"}],"wp:attachment":[{"href":"https:\/\/www.augenpraxis-eigster.de\/index.php\/wp-json\/wp\/v2\/media?parent=13"}],"curies":[{"name":"wp","href":"https:\/\/api.w.org\/{rel}","templated":true}]}}

<p>Fachärztin für Augenheilkunde</p>



<p>Angelika Eigster</p>



<p>Am Rathausplatz 2</p>



<p>76744 Wörth am Rhein</p>



<p>Telefon: 07271-6766</p>



<p>Telefax: 07271-127607</p>



<p><a href="http://www.augenpraxis-eigster.de/">www.augenpraxis-eigster.de</a></p>



<p>E-Mail: <a href="https://www.augenpraxis-eigster.de/impressum-kontakt/mailto:info@augenpraxis-eigster.de">info@augenpraxis-eigster.de</a></p>



<p><strong>Inhaltlich verantwortlich für den Inhalt nach §55 Abs. 2 RStV:</strong></p>



<p>Angelika Eigster Am Rathausplatz 2 76744 Wörth am Rhein</p>



<p><strong>Gesetzliche Berufszeichnung:</strong></p>



<p>Facharzt für Augenheilkunde</p>



<p><strong>Staat. der die Berufsbezeichnung:</strong></p>



<p>Bundesrepublik Deutschland</p>



<p><strong>Aufsichtsbehörde</strong></p>



<p><strong>Zuständige Kammer:</strong></p>



<p>Landesärztekammer Rheinland-Pfalz <a href="http://www.laek-rlp.de/">www.laek-rlp.de</a></p>



<p>Anschrift: Deutschhausplatz 3 55116 Mainz Tel.: 06131-28822-0 E-Mail: <a href="https://www.augenpraxis-eigster.de/impressum-kontakt/mailto:kammer@laek-rlp.de">kammer@laek-rlp.de</a></p>



<p><strong>Berufsrechtliche Regelungen:</strong></p>



<p>Berufsordnung der Landesärztekammer RLP <a href="http://www.laek-rlp.de/recht/berufsordnung/index.php">www.laek-rlp.de/recht/berufsordnung/index.php</a></p>



<p><strong>Zuständige Aufsichtsbehörde:</strong></p>



<p>Landesärztekammer Rheinland-Pfalz Deutschhausplatz 3 55116 Mainz <a href="http://www.laek-rlp.de/">www.laek-rlp.de</a></p>



<p><strong>Kassenärztliche Vereinigung:</strong></p>



<p>Kassenärztliche Vereinigung Rheinland-Pfalz, Issac-Fulda-Allee 14 55124 Mainz Regionalzentrum Pfalz Maximilianstraße 22 67433 Neustadt <a href="http://www.kv-rlp.de/">www.kv-rlp.de</a></p>



<p><strong>Bildernachweis:</strong></p>



<p>fotolia.com</p>



<p>Angelika Eigster</p>



<p>Roman Glinnik</p>

<p>Fachärztin für Augenheilkunde Angelika Eigster Am Rathausplatz 2 76744 Wörth am Rhein Telefon: 07271-6766 Telefax: 07271-127607 www.augenpraxis-eigster.de E-Mail: info@augenpraxis-eigster.de Inhaltlich verantwortlich für den Inhalt nach §55 Abs. 2 RStV: Angelika &#8230;</p>
